ase 16) to base 11.
8a301
-a0260 (base 14) to base 2
-1011101111001111100
Convert -10110010101011 (base 2) to base 16.
-2cab
Convert -41a80 (base 15) to base 12.
-a0619
What is 1b629 (base 14) in base 16?
110b5
Convert 24660 (base 14) to base 7.
520450
Convert -a602d (base 14) to base 5.
-100310130
Convert 9a6a5 (base 13) to base 8.
1043150
What is 15007434 (base 8) in base 6?
201043032
Convert 48056 (base 11) to base 15.
157d3
What is 549018 (base 10) in base 4?
2012002122
Convert 24533414 (base 6) to base 10.
790066
-100154 (base 8) to base 4
-20001230
What is -1012011222112 (base 3) in base 2?
-10011010101010010000
1062314 (base 8) to base 14
76d1a
-746172 (base 8) to base 15
-4db6e
What is 2238533 (base 9) in base 6?
41511350
What is -171b402 (base 14) in base 8?
-53262552
What is 392476 (base 14) in base 2?
111011111111000011000
What is 11011111010000111111 (base 2) in base 4?
3133100333
What is 2306662 (base 8) in base 11?
398440
What is -11000020202022 (base 3) in base 11?
-12258a8
What is 23103310031 (base 4) in base 11?
1745507
Convert -1000010101001011011010000 (base 2) to base 16.
-10a96d0
Convert 1231123020 (base 4) to base 16.
6d6c8
Convert -35861 (base 11) to base 12.
-25a51
Convert 10220200102101 (base 3) to base 14.
3c20da
What is 9849386 (base 10) in base 9?
20471732
What is -61979 (base 10) in base 12?
-2ba4b
Convert -121742 (base 10) to base 16.
-1db8e
33210200 (base 4) to base 8
174440
What is 2300033 (base 6) in base 7?
664056
-147178 (base 9) to base 14
-24dda
Convert -34b40 (base 14) to base 8.
-372664
Convert 320411141 (base 5) to base 7.
14254564
Convert 883a8 (base 11) to base 4.
133110001
What is 10110103122 (base 4) in base 6?
40131310
56261561 (base 7) to base 15
663975
What is 11000110011101000 (base 2) in base 14?
2905a
What is -100102212010 (base 3) in base 2?
-101101010110111110
What is -7a8043 (base 11) in base 10?
-1284462
Convert -1b04e8 (base 15) to base 11.
-81a838
What is -9a795 (base 11) in base 16?
-23a6e
132213303 (base 5) to base 15
d1938
What is 2167461 (base 8) in base 4?
2032330301
-3021100303 (base 4) to base 6
-25400311
78991c (base 15) to base 12
1b15390
-64529 (base 10) to base 2
-1111110000010001
3323113 (base 4) to base 8
37327
What is 2784315 (base 9) in base 6?
52500022
What is -138137 (base 9) in base 11?
-58691
-101000110101110011 (base 2) to base 3
-22111110200
What is -14b9624 (base 12) in base 3?
-21221200210001
What is 2450c (base 15) in base 12?
57093
What is -100110111000001110 (base 2) in base 13?
-57639
-578c7 (base 13) to base 12
-78503
470403 (base 9) to base 14
74d10
What is -202213423 (base 7) in base 14?
-17d3113
Convert 20d538 (base 16) to base 9.
4038557
Convert 12002220101 (base 3) to base 13.
369b2
1454610 (base 7) to base 14
52507
What is -52463 (base 12) in base 15?
-21e0c
What is 4035506 (base 8) in base 2?
100000011101101000110
122220221102000 (base 3) to base 2
100100010101100010100011
-100211010121 (base 3) to base 14
-5061c
Convert 445ba (base 15) to base 10.
217300
Convert 4112044 (base 6) to base 3.
100222002001
Convert -1215321 (base 15) to base 10.
-12977581
-49a223 (base 11) to base 14
-167a46
-67035 (base 9) to base 11
-30486
Convert 400213314 (base 5) to base 9.
2852360
-3a363 (base 15) to base 4
-231200121
Convert 7308955 (base 10) to base 2.
11011111000011010011011
Convert 247935 (base 15) to base 11.
a93567
What is -237021 (base 9) in base 10?
-142903
Convert -c275 (base 16) to base 10.
-49781
Convert -3025533 (base 6) to base 15.
-2c946
Convert -20653615 (base 7) to base 9.
-3274004
Convert -66678 (base 12) to base 13.
-49a27
Convert 346994 (base 10) to base 14.
90654
Convert 16707 (base 12) to base 14.
b9c3
What is 112201222 (base 4) in base 16?
1686a
Convert 1c23c7 (base 13) to base 5.
141002324
Convert 10102200211 (base 3) to base 16.
107f8
What is 6034c (base 13) in base 2?
101001111110100001
-124000005 (base 6) to base 10
-2426117
Convert -119400 (base 10) to base 15.
-255a0
What is -46565033 (base 7) in base 5?
-2022201441
Convert -292311 (base 11) to base 2.
-1101111100011001100
3a1ca (base 15) to base 10
186040
Convert 1c036 (base 14) to base 8.
213340
What is -35020241 (base 7) in base 8?
-13537773
What is 242553 (base 6) in base 4?
11032011
-10242324402 (base 5) to base 9
-22455468
Convert -202234443 (base 5) to base 10.
-821248
What is 85029 (base 10) in base 15?
1a2d9
Convert 749552 (base 11) to base 5.
301323222
What is -21210331003 (base 4) in base 15?
-348d74
-110010012101 (base 3) to base 14
-62cda
What is -56022254 (base 7) in base 13?
-1001147
What is 1153105450 (base 6) in base 8?
62604206
Convert -4b3494 (base 16) to base 15.
-675525
What is -1101001110101010011 (base 2) in base 8?
-1516523
What is c88344 (base 13) in base 6?
244441103
What is b08bb2 (base 14) in base 16?
5aa468
1123846 (base 11) to base 3
10200221002100
What is -8708 (base 9) in base 2?
-1100100000111
Convert 8383057 (base 9) to base 6.
240032254
What is 1026ab (base 12) in base 11?
163328
Convert 11100100110111000011110 (base 2) to base 6.
424422542
Convert -3480916 (base 10) to base 12.
-11ba504
What is 300133001 (base 4) in base 7?
1454663
Convert -122002111122 (base 3) to base 15.
-69a42
-315103225 (base 7) to base 5
-14243133034
What is -74916 (base 10) in base 7?
-431262
Convert -124493 (base 11) to base 13.
-6b428
What is -8992378 (base 11) in base 8?
-74067032
-202203 (base 12) to base 2
-1111010011010100011
What is 769591 (base 11) in base 5?
303243022
Convert -246bb (base 13) to base 12.
-3299a
Convert -342604 (base 8) to base 6.
-2253300
2732271 (base 8) to base 12
30bb61
What is 2452323 (base 6) in base 14?
35c95
Convert -23301132230 (base 4) to base 15.
-40e6a2
What is 249577 (base 10) in base 15?
4de37
290a7 (base 13) to base 15
17c57
What is b9bba5 (base 15) in base 8?
41602171
What is 101001202212 (base 3) in base 10?
198122
-11011020210110 (base 3) to base 2
-1000011011011010101001
Convert 45981 (base 14) to base 7.
1303321
Convert -224833 (base 14) to base 4.
-10130130031
-3536650 (base 8) to base 15
-14138b
-1708a5 (base 13) to base 4
-2023310203
18337 (base 13) to base 16
b662
33412402 (base 5) to base 16
47f47
Convert 67bb33 (base 15) to base 10.
4950273
1135252 (base 6) to base 5
3401004
Convert -1a64ba (base 13) to base 12.
-284316
What is -1466a0 (base 11) in base 4?
-313301111
Convert -1136339 (base 14) to base 13.
-1911300
60aa06 (base 11) to base 10
980832
Convert -1cb890 (base 14) to base 4.
-3323220212
What is 1664b66 (base 14) in base 3?
202200212102202
a2998 (base 12) to base 11
1354a5
Convert -17bc8 (base 14) to base 11.
-41056
-1254924 (base 10) to base 5
-310124144
75b062 (base 12) to base 5
434131321
Convert -443050 (base 8) to base 9.
-246381
What is -101123312331 (base 4) in base 16?
-45bdbd
What is -11111222212111 (base 3) in base 13?
-660c61
119084 (base 11) to base 5
22002023
What is 2722732 (base 8) in base 6?
24210014
-1231123002 (base 4) to base 16
-6d6c2
1612a9 (base 15) to base 16
104865
-862b5 (base 15) to base 13
-11bac3
1a089 (base 13) to base 11
35060
What is -20266041 (base 8) in base 12?
-1529255
Convert 242302001 (base 6) to base 12.
1657901
Convert -4183191 (base 11) to base 8.
-34067675
What is -53861 (base 15) in base 16?
-40bb5
Convert 33747 (base 11) to base 4.
23322232
Convert -515728 (base 9) to base 7.
-2413154
What is -12411300 (base 7) in base 9?
-2110570
What is 477431 (base 10) in base 8?
1644367
-4026377 (base 9) to base 8
-10132525
Convert -23311221 (base 4) to base 16.
-bd69
-518853 (base 9) to base 12
-12a526
Convert -111212020200021 (base 3) to base 13.
-16abb82
What is 4487 (base 9) in base 11?
2548
What is 119150 (base 13) in base 3?
210022221102
What is 3071b (base 16) in base 13?
6c418
Convert 5ba46 (base 16) to base 2.
1011011101001000110
-110010011011000101 (base 2) to base 4
-302123011
Convert 1333402411 (base 5) to base 4.
31002233202
Convert -c870d (base 14) to base 5.
-110444304
-11361201 (base 8) to base 6
-125114305
Convert -2001221211012 (base 3) to base 10.
-1101389
What is -82381 (base 10) in base 2?
-10100000111001101
Convert 1ddc9 (base 16) to base 11.
83994
What is 233012021 (base 4) in base 9?
323548
What is 103333020 (base 5) in base 10?
449135
33010300232 (base 4) to base 1